{"id":48,"date":"2023-05-24T19:17:26","date_gmt":"2023-05-24T17:17:26","guid":{"rendered":"https:\/\/www.lurrama.org\/index.php\/autobus\/"},"modified":"2025-10-05T20:13:37","modified_gmt":"2025-10-05T18:13:37","slug":"autobus","status":"publish","type":"page","link":"https:\/\/www.lurrama.org\/index.php\/fr\/autobus\/","title":{"rendered":"Autobus"},"content":{"rendered":"<div class=\"wp-block-image\">\n<figure class=\"aligncenter size-full\"><img loading=\"lazy\" decoding=\"async\" width=\"250\" height=\"141\" src=\"https:\/\/www.lurrama.org\/wp-content\/uploads\/2023\/05\/bus-lurrama_1.png\" alt=\"\" class=\"wp-image-174\"\/><\/figure>\n<\/div>\n\n\n<h3 class=\"wp-block-heading\"><strong><u>Pays Basque int\u00e9rieur :<\/u><\/strong><\/h3>\n\n\n\n<p><strong>Samedi&nbsp;8 novembre<\/strong>, des autobus sont organis\u00e9s pour aller \u00e0 Lurrama depuis le Pays Basque int\u00e9rieur :<\/p>\n\n\n\n<ul class=\"wp-block-list\">\n<li><strong>De Maul\u00e9on \u00e0 Biarritz :<\/strong><br>17:30 Mauleon, gare -&gt; 18:00 St Palais, \u00e9glise -&gt; 18:35 Hasparren, coll\u00e8ge Elhuyar &gt; Biarritz<\/li>\n<\/ul>\n\n\n\n<ul class=\"wp-block-list\">\n<li><strong>De Larceveau \u00e0 Biarritz :<\/strong><br>17:30 Larceveau, rond-point -&gt; 17:50 St Jean Pied de Port, Jai Alai -&gt; 18:00 Oss\u00e8s, venta Peio -&gt; 18:10 Bidarray, pont Noblia -&gt; 18:25 Itxassou, rond-point route principale -&gt; 18:30 Larressore, rond-point Bipia -&gt; Biarritz<\/li>\n<\/ul>\n\n\n\n<ul class=\"wp-block-list\">\n<li>Retour \u00e0 3 heures de Biarritz pour les deux &nbsp;bus.<\/li>\n<\/ul>\n\n\n\n<p class=\"has-text-align-center\" style=\"font-size:25px;font-style:italic;font-weight:700\">Tickets 10\u20ac, en pr\u00e9-vente, <br>ou dans le bus, s&rsquo;il reste de la place<em><strong> :<\/strong><\/em><\/p>\n\n\n\n<div class=\"wp-block-columns is-layout-flex wp-container-core-columns-is-layout-9d6595d7 wp-block-columns-is-layout-flex\">\n<div class=\"wp-block-column is-layout-flow wp-block-column-is-layout-flow\">\n<p class=\"has-text-align-center\"><strong>par Internet, via Hello Asso <\/strong><\/p>\n\n\n\n<div class=\"wp-block-buttons alignfull is-content-justification-center is-layout-flex wp-container-core-buttons-is-layout-16018d1d wp-block-buttons-is-layout-flex\">\n<div class=\"wp-block-button\"><a class=\"wp-block-button__link wp-element-button\" href=\"https:\/\/www.helloasso.com\/associations\/euskal-herriko-laborantza-ganbara\/evenements\/autobusa-garazitik-autobus-depuis-saint-jean-pied-de-port\" target=\"_blank\" rel=\"noreferrer noopener\">LARCEVEAU-BIARRITZ<\/a><\/div>\n<\/div>\n<\/div>\n\n\n\n<div class=\"wp-block-column is-layout-flow wp-block-column-is-layout-flow\">\n<p class=\"has-text-align-center\"><strong>par Internet, via Hello Asso <\/strong><\/p>\n\n\n\n<div class=\"wp-block-buttons alignfull is-content-justification-center is-layout-flex wp-container-core-buttons-is-layout-16018d1d wp-block-buttons-is-layout-flex\">\n<div class=\"wp-block-button\"><a class=\"wp-block-button__link wp-element-button\" href=\"https:\/\/www.helloasso.com\/associations\/euskal-herriko-laborantza-ganbara\/evenements\/autobusa-mauletik-autobus-depuis-mauleon-2-2\" target=\"_blank\" rel=\"noreferrer noopener\">MAULEON-BIARRITZ<\/a><\/div>\n<\/div>\n<\/div>\n<\/div>\n\n\n\n<hr class=\"wp-block-separator has-alpha-channel-opacity\"\/>\n\n\n\n<h3 class=\"wp-block-heading\"><strong><u>C\u00f4te basque :<\/u><\/strong><\/h3>\n\n\n\n<p><strong>R\u00e9seau Txik-txak pour la c\u00f4te :<\/strong> <a href=\"https:\/\/itineraires.txiktxak.fr\/fr\/\" target=\"_blank\" rel=\"noreferrer noopener\">https:\/\/itineraires.txiktxak.fr\/fr\/<\/a><\/p>\n\n\n\n<p>L\u2019arr\u00eat <strong>Halle Iraty<\/strong>&nbsp;est desservi par les lignes suivantes :<\/p>\n\n\n\n<ul class=\"wp-block-list\">\n<li><strong>Ligne 5<\/strong>&nbsp;: en provenance de Bayonne Sainsontan \u2013 terminus Halle Iraty (fonctionne du lundi au dimanche)<\/li>\n\n\n\n<li><strong>Ligne 6<\/strong>&nbsp;: en provenance d\u2019Ametzondo \u2013 terminus Gare de Biarritz (fonctionne du lundi au dimanche)<\/li>\n\n\n\n<li><strong>Ligne 21<\/strong>&nbsp;: en provenance de Bayonne Marrac \u2013 terminus Bidart Mairie (fonctionne du lundi au samedi)<\/li>\n<\/ul>\n\n\n\n<p>Par ailleurs, l\u2019arr\u00eat <strong>Mousse &#8211; Iraty<\/strong>, situ\u00e9 \u00e0 550 m\u00e8tres de l\u2019entr\u00e9e de la Halle Iraty, est desservi par :<\/p>\n\n\n\n<ul class=\"wp-block-list\">\n<li><strong>Ligne 3<\/strong>&nbsp;: en provenance de Saint-Jean-de-Luz \u2013 terminus Gare de Bayonne (fonctionne du lundi au dimanche)<\/li>\n\n\n\n<li><strong>Ligne 8<\/strong>&nbsp;: en provenance de Bidart Izarbel \u2013 terminus Gare de Biarritz (fonctionne du lundi au samedi)<\/li>\n<\/ul>\n\n\n\n<p> Nous vous invitons \u00e0 consulter le site <a href=\"https:\/\/www.txiktxak.fr\/\" target=\"_blank\" rel=\"noreferrer noopener\">www.txiktxak.fr<\/a>\u00a0pour retrouver toutes les informations utiles.<\/p>\n\n\n<div class=\"wp-block-image\">\n<figure class=\"aligncenter size-full\"><img loading=\"lazy\" decoding=\"async\" width=\"1257\" height=\"708\" src=\"https:\/\/www.lurrama.org\/wp-content\/uploads\/2025\/10\/planTxikTxak.jpg\" alt=\"\" class=\"wp-image-1983\" srcset=\"https:\/\/www.lurrama.org\/wp-content\/uploads\/2025\/10\/planTxikTxak.jpg 1257w, https:\/\/www.lurrama.org\/wp-content\/uploads\/2025\/10\/planTxikTxak-300x169.jpg 300w, https:\/\/www.lurrama.org\/wp-content\/uploads\/2025\/10\/planTxikTxak-1024x577.jpg 1024w, https:\/\/www.lurrama.org\/wp-content\/uploads\/2025\/10\/planTxikTxak-768x433.jpg 768w\" sizes=\"auto, (max-width: 1257px) 100vw, 1257px\" \/><\/figure>\n<\/div>","protected":false},"excerpt":{"rendered":"<p>Pays Basque int\u00e9rieur : Samedi&nbsp;8 novembre, des autobus sont organis\u00e9s pour aller \u00e0 Lurrama depuis le Pays Basque int\u00e9rieur : Tickets 10\u20ac, en pr\u00e9-vente, ou dans le bus, s&rsquo;il reste de la place : par Internet, via Hello Asso par Internet, via Hello Asso C\u00f4te basque : R\u00e9seau Txik-txak pour la c\u00f4te : https:\/\/itineraires.txiktxak.fr\/fr\/ L\u2019arr\u00eat&hellip; <\/p>\n","protected":false},"author":1,"featured_media":0,"parent":0,"menu_order":0,"comment_status":"closed","ping_status":"closed","template":"","meta":{"footnotes":""},"categories":[63],"tags":[],"class_list":["post-48","page","type-page","status-publish","hentry","category-6_infos"],"_links":{"self":[{"href":"https:\/\/www.lurrama.org\/index.php\/wp-json\/wp\/v2\/pages\/48","targetHints":{"allow":["GET"]}}],"collection":[{"href":"https:\/\/www.lurrama.org\/index.php\/wp-json\/wp\/v2\/pages"}],"about":[{"href":"https:\/\/www.lurrama.org\/index.php\/wp-json\/wp\/v2\/types\/page"}],"author":[{"embeddable":true,"href":"https:\/\/www.lurrama.org\/index.php\/wp-json\/wp\/v2\/users\/1"}],"replies":[{"embeddable":true,"href":"https:\/\/www.lurrama.org\/index.php\/wp-json\/wp\/v2\/comments?post=48"}],"version-history":[{"count":23,"href":"https:\/\/www.lurrama.org\/index.php\/wp-json\/wp\/v2\/pages\/48\/revisions"}],"predecessor-version":[{"id":1990,"href":"https:\/\/www.lurrama.org\/index.php\/wp-json\/wp\/v2\/pages\/48\/revisions\/1990"}],"wp:attachment":[{"href":"https:\/\/www.lurrama.org\/index.php\/wp-json\/wp\/v2\/media?parent=48"}],"wp:term":[{"taxonomy":"category","embeddable":true,"href":"https:\/\/www.lurrama.org\/index.php\/wp-json\/wp\/v2\/categories?post=48"},{"taxonomy":"post_tag","embeddable":true,"href":"https:\/\/www.lurrama.org\/index.php\/wp-json\/wp\/v2\/tags?post=48"}],"curies":[{"name":"wp","href":"https:\/\/api.w.org\/{rel}","templated":true}]}}

<div class="wp-block-image">
<figure class="aligncenter size-full"><img loading="lazy" decoding="async" width="250" height="141" src="https://www.lurrama.org/wp-content/uploads/2023/05/bus-lurrama_1.png" alt="" class="wp-image-174"/></figure>
</div>


<h3 class="wp-block-heading"><strong><u>Pays Basque intérieur :</u></strong></h3>



<p><strong>Samedi&nbsp;8 novembre</strong>, des autobus sont organisés pour aller à Lurrama depuis le Pays Basque intérieur :</p>



<ul class="wp-block-list">
<li><strong>De Mauléon à Biarritz :</strong><br>17:30 Mauleon, gare -&gt; 18:00 St Palais, église -&gt; 18:35 Hasparren, collège Elhuyar &gt; Biarritz</li>
</ul>



<ul class="wp-block-list">
<li><strong>De Larceveau à Biarritz :</strong><br>17:30 Larceveau, rond-point -&gt; 17:50 St Jean Pied de Port, Jai Alai -&gt; 18:00 Ossès, venta Peio -&gt; 18:10 Bidarray, pont Noblia -&gt; 18:25 Itxassou, rond-point route principale -&gt; 18:30 Larressore, rond-point Bipia -&gt; Biarritz</li>
</ul>



<ul class="wp-block-list">
<li>Retour à 3 heures de Biarritz pour les deux &nbsp;bus.</li>
</ul>



<p class="has-text-align-center" style="font-size:25px;font-style:italic;font-weight:700">Tickets 10€, en pré-vente, <br>ou dans le bus, s&rsquo;il reste de la place<em><strong> :</strong></em></p>



<div class="wp-block-columns is-layout-flex wp-container-core-columns-is-layout-9d6595d7 wp-block-columns-is-layout-flex">
<div class="wp-block-column is-layout-flow wp-block-column-is-layout-flow">
<p class="has-text-align-center"><strong>par Internet, via Hello Asso </strong></p>



<div class="wp-block-buttons alignfull is-content-justification-center is-layout-flex wp-container-core-buttons-is-layout-16018d1d wp-block-buttons-is-layout-flex">
<div class="wp-block-button"><a class="wp-block-button__link wp-element-button" href="https://www.helloasso.com/associations/euskal-herriko-laborantza-ganbara/evenements/autobusa-garazitik-autobus-depuis-saint-jean-pied-de-port" target="_blank" rel="noreferrer noopener">LARCEVEAU-BIARRITZ</a></div>
</div>
</div>



<div class="wp-block-column is-layout-flow wp-block-column-is-layout-flow">
<p class="has-text-align-center"><strong>par Internet, via Hello Asso </strong></p>



<div class="wp-block-buttons alignfull is-content-justification-center is-layout-flex wp-container-core-buttons-is-layout-16018d1d wp-block-buttons-is-layout-flex">
<div class="wp-block-button"><a class="wp-block-button__link wp-element-button" href="https://www.helloasso.com/associations/euskal-herriko-laborantza-ganbara/evenements/autobusa-mauletik-autobus-depuis-mauleon-2-2" target="_blank" rel="noreferrer noopener">MAULEON-BIARRITZ</a></div>
</div>
</div>
</div>



<hr class="wp-block-separator has-alpha-channel-opacity"/>



<h3 class="wp-block-heading"><strong><u>Côte basque :</u></strong></h3>



<p><strong>Réseau Txik-txak pour la côte :</strong> <a href="https://itineraires.txiktxak.fr/fr/" target="_blank" rel="noreferrer noopener">https://itineraires.txiktxak.fr/fr/</a></p>



<p>L’arrêt <strong>Halle Iraty</strong>&nbsp;est desservi par les lignes suivantes :</p>



<ul class="wp-block-list">
<li><strong>Ligne 5</strong>&nbsp;: en provenance de Bayonne Sainsontan – terminus Halle Iraty (fonctionne du lundi au dimanche)</li>



<li><strong>Ligne 6</strong>&nbsp;: en provenance d’Ametzondo – terminus Gare de Biarritz (fonctionne du lundi au dimanche)</li>



<li><strong>Ligne 21</strong>&nbsp;: en provenance de Bayonne Marrac – terminus Bidart Mairie (fonctionne du lundi au samedi)</li>
</ul>



<p>Par ailleurs, l’arrêt <strong>Mousse &#8211; Iraty</strong>, situé à 550 mètres de l’entrée de la Halle Iraty, est desservi par :</p>



<ul class="wp-block-list">
<li><strong>Ligne 3</strong>&nbsp;: en provenance de Saint-Jean-de-Luz – terminus Gare de Bayonne (fonctionne du lundi au dimanche)</li>



<li><strong>Ligne 8</strong>&nbsp;: en provenance de Bidart Izarbel – terminus Gare de Biarritz (fonctionne du lundi au samedi)</li>
</ul>



<p> Nous vous invitons à consulter le site <a href="https://www.txiktxak.fr/" target="_blank" rel="noreferrer noopener">www.txiktxak.fr</a> pour retrouver toutes les informations utiles.</p>


<div class="wp-block-image">
<figure class="aligncenter size-full"><img loading="lazy" decoding="async" width="1257" height="708" src="https://www.lurrama.org/wp-content/uploads/2025/10/planTxikTxak.jpg" alt="" class="wp-image-1983" srcset="https://www.lurrama.org/wp-content/uploads/2025/10/planTxikTxak.jpg 1257w, https://www.lurrama.org/wp-content/uploads/2025/10/planTxikTxak-300x169.jpg 300w, https://www.lurrama.org/wp-content/uploads/2025/10/planTxikTxak-1024x577.jpg 1024w, https://www.lurrama.org/wp-content/uploads/2025/10/planTxikTxak-768x433.jpg 768w" sizes="auto, (max-width: 1257px) 100vw, 1257px" /></figure>
</div>

<p>Pays Basque intérieur : Samedi&nbsp;8 novembre, des autobus sont organisés pour aller à Lurrama depuis le Pays Basque intérieur : Tickets 10€, en pré-vente, ou dans le bus, s&rsquo;il reste de la place : par Internet, via Hello Asso par Internet, via Hello Asso Côte basque : Réseau Txik-txak pour la côte : https://itineraires.txiktxak.fr/fr/ L’arrêt&hellip; </p>
