{"id":415,"date":"2023-06-05T15:31:44","date_gmt":"2023-06-05T13:31:44","guid":{"rendered":"https:\/\/www.lurrama.org\/?page_id=415"},"modified":"2025-10-17T21:59:47","modified_gmt":"2025-10-17T19:59:47","slug":"conferences-2","status":"publish","type":"page","link":"https:\/\/www.lurrama.org\/index.php\/fr\/conferences-2\/","title":{"rendered":"Conf\u00e9rences"},"content":{"rendered":"\n<p>Le salon LURRAMA a pour objectif de sensibiliser le grand public aux probl\u00e9matiques agricoles, aux enjeux environnementaux, et \u00e0 l&rsquo;impact de nos moyens de consommation. Des conf\u00e9rences, des tables rondes, des projections de films, mais aussi un village associatif permettent de pr\u00e9senter des initiatives et de d\u00e9battre.&nbsp;<\/p>\n\n\n\n<p style=\"text-transform:uppercase\">La th\u00e9matique des conf\u00e9rences 2025 sera : \u00ab\u00a0Paysan.nes de demain\u00a0\u00bb<\/p>\n\n\n\n<ul class=\"wp-block-list\">\n<li><a href=\"https:\/\/www.lurrama.org\/index.php\/fr\/themes-des-conferences-2025#AOP_maintien\" data-type=\"page\" data-id=\"1794\">AOP du Pays Basque, un outil du maintien des paysans<\/a><\/li>\n\n\n\n<li><a href=\"https:\/\/www.lurrama.org\/index.php\/themes-des-conferences-2025#installer_paysan\" data-type=\"page\" data-id=\"1794\">S\u2019installer paysan.nes en Pays Basque : des r\u00e9alit\u00e9s diff\u00e9rentes.<\/a><\/li>\n\n\n\n<li><a href=\"https:\/\/www.lurrama.org\/index.php\/fr\/themes-des-conferences-2025#defi_reconquete\" data-type=\"page\" data-id=\"1794\">Le d\u00e9fi de la reconqu\u00eate alimentaire au Pays Basque<\/a><\/li>\n\n\n\n<li><a href=\"https:\/\/www.lurrama.org\/index.php\/fr\/themes-des-conferences-2025#apprendre_paysan\" data-type=\"page\" data-id=\"1794\">Comment apprend-t-on a devenir paysan ?<\/a><\/li>\n\n\n\n<li><a href=\"https:\/\/www.lurrama.org\/index.php\/themes-des-conferences-2025#terre_outil\" data-type=\"page\" data-id=\"1794\">La terre, outil de travail des paysan.nes<\/a><\/li>\n\n\n\n<li><a href=\"https:\/\/www.lurrama.org\/index.php\/fr\/themes-des-conferences-2025#bienetre_paysan\" data-type=\"page\" data-id=\"1794\">Le Bien-Etre paysan<\/a><\/li>\n<\/ul>\n\n\n\n<p><\/p>\n","protected":false},"excerpt":{"rendered":"<p>Le salon LURRAMA a pour objectif de sensibiliser le grand public aux probl\u00e9matiques agricoles, aux enjeux environnementaux, et \u00e0 l&rsquo;impact de nos moyens de consommation. Des conf\u00e9rences, des tables rondes, des projections de films, mais aussi un village associatif permettent de pr\u00e9senter des initiatives et de d\u00e9battre.&nbsp; La th\u00e9matique des conf\u00e9rences 2025 sera : \u00ab\u00a0Paysan.nes&hellip; <\/p>\n","protected":false},"author":1,"featured_media":0,"parent":0,"menu_order":0,"comment_status":"closed","ping_status":"closed","template":"","meta":{"footnotes":""},"categories":[53],"tags":[100],"class_list":["post-415","page","type-page","status-publish","hentry","category-3_conferences","tag-entete_menu"],"_links":{"self":[{"href":"https:\/\/www.lurrama.org\/index.php\/wp-json\/wp\/v2\/pages\/415","targetHints":{"allow":["GET"]}}],"collection":[{"href":"https:\/\/www.lurrama.org\/index.php\/wp-json\/wp\/v2\/pages"}],"about":[{"href":"https:\/\/www.lurrama.org\/index.php\/wp-json\/wp\/v2\/types\/page"}],"author":[{"embeddable":true,"href":"https:\/\/www.lurrama.org\/index.php\/wp-json\/wp\/v2\/users\/1"}],"replies":[{"embeddable":true,"href":"https:\/\/www.lurrama.org\/index.php\/wp-json\/wp\/v2\/comments?post=415"}],"version-history":[{"count":11,"href":"https:\/\/www.lurrama.org\/index.php\/wp-json\/wp\/v2\/pages\/415\/revisions"}],"predecessor-version":[{"id":2101,"href":"https:\/\/www.lurrama.org\/index.php\/wp-json\/wp\/v2\/pages\/415\/revisions\/2101"}],"wp:attachment":[{"href":"https:\/\/www.lurrama.org\/index.php\/wp-json\/wp\/v2\/media?parent=415"}],"wp:term":[{"taxonomy":"category","embeddable":true,"href":"https:\/\/www.lurrama.org\/index.php\/wp-json\/wp\/v2\/categories?post=415"},{"taxonomy":"post_tag","embeddable":true,"href":"https:\/\/www.lurrama.org\/index.php\/wp-json\/wp\/v2\/tags?post=415"}],"curies":[{"name":"wp","href":"https:\/\/api.w.org\/{rel}","templated":true}]}}

Conférences

<p>Le salon LURRAMA a pour objectif de sensibiliser le grand public aux problématiques agricoles, aux enjeux environnementaux, et à l&rsquo;impact de nos moyens de consommation. Des conférences, des tables rondes, des projections de films, mais aussi un village associatif permettent de présenter des initiatives et de débattre.&nbsp;</p>



<p style="text-transform:uppercase">La thématique des conférences 2025 sera : « Paysan.nes de demain »</p>



<ul class="wp-block-list">
<li><a href="https://www.lurrama.org/index.php/fr/themes-des-conferences-2025#AOP_maintien" data-type="page" data-id="1794">AOP du Pays Basque, un outil du maintien des paysans</a></li>



<li><a href="https://www.lurrama.org/index.php/themes-des-conferences-2025#installer_paysan" data-type="page" data-id="1794">S’installer paysan.nes en Pays Basque : des réalités différentes.</a></li>



<li><a href="https://www.lurrama.org/index.php/fr/themes-des-conferences-2025#defi_reconquete" data-type="page" data-id="1794">Le défi de la reconquête alimentaire au Pays Basque</a></li>



<li><a href="https://www.lurrama.org/index.php/fr/themes-des-conferences-2025#apprendre_paysan" data-type="page" data-id="1794">Comment apprend-t-on a devenir paysan ?</a></li>



<li><a href="https://www.lurrama.org/index.php/themes-des-conferences-2025#terre_outil" data-type="page" data-id="1794">La terre, outil de travail des paysan.nes</a></li>



<li><a href="https://www.lurrama.org/index.php/fr/themes-des-conferences-2025#bienetre_paysan" data-type="page" data-id="1794">Le Bien-Etre paysan</a></li>
</ul>



<p></p>

<p>Le salon LURRAMA a pour objectif de sensibiliser le grand public aux problématiques agricoles, aux enjeux environnementaux, et à l&rsquo;impact de nos moyens de consommation. Des conférences, des tables rondes, des projections de films, mais aussi un village associatif permettent de présenter des initiatives et de débattre.&nbsp; La thématique des conférences 2025 sera : « Paysan.nes&hellip; </p>
