{"id":32,"date":"2023-05-24T19:17:19","date_gmt":"2023-05-24T17:17:19","guid":{"rendered":"https:\/\/www.lurrama.org\/index.php\/contact-i-newsletter\/"},"modified":"2023-11-28T09:22:42","modified_gmt":"2023-11-28T08:22:42","slug":"contact-i-newsletter","status":"publish","type":"page","link":"https:\/\/www.lurrama.org\/index.php\/fr\/contact-i-newsletter\/","title":{"rendered":"Contact \/ Newsletter"},"content":{"rendered":"\n<div class=\"wp-block-columns is-layout-flex wp-container-core-columns-is-layout-9d6595d7 wp-block-columns-is-layout-flex\">\n<div class=\"wp-block-column is-layout-flow wp-block-column-is-layout-flow\" style=\"flex-basis:33.33%\">\n<h2 class=\"wp-block-heading\">Coordonn\u00e9es<\/h2>\n\n\n\n<p><\/p>\n\n\n\n<p class=\"has-medium-font-size\"><strong>LURRAMA<\/strong><\/p>\n\n\n\n<p><strong>EUSKAL HERRIKO LABORANTZA GANBARA<br>64220 Ainiza Monjolose<\/strong><\/p>\n\n\n\n<p>05 59 37 18 82<\/p>\n<\/div>\n\n\n\n<div class=\"wp-block-column is-layout-flow wp-block-column-is-layout-flow\" style=\"flex-basis:66.66%\">\n<h2 class=\"wp-block-heading\">Message<\/h2>\n\n\n\n<div class=\"wp-block-contact-form-7-contact-form-selector\">\n<div class=\"wpcf7 no-js\" id=\"wpcf7-f474-o1\" lang=\"fr-FR\" dir=\"ltr\" data-wpcf7-id=\"474\">\n<div class=\"screen-reader-response\"><p role=\"status\" aria-live=\"polite\" aria-atomic=\"true\"><\/p> <ul><\/ul><\/div>\n<form action=\"\/index.php\/wp-json\/wp\/v2\/pages\/32#wpcf7-f474-o1\" method=\"post\" class=\"wpcf7-form init\" aria-label=\"Formulaire de contact\" novalidate=\"novalidate\" data-status=\"init\">\n<div style=\"display: none;\">\n<input type=\"hidden\" name=\"_wpcf7\" value=\"474\" \/>\n<input type=\"hidden\" name=\"_wpcf7_version\" value=\"6.0.6\" \/>\n<input type=\"hidden\" name=\"_wpcf7_locale\" value=\"fr_FR\" \/>\n<input type=\"hidden\" name=\"_wpcf7_unit_tag\" value=\"wpcf7-f474-o1\" \/>\n<input type=\"hidden\" name=\"_wpcf7_container_post\" value=\"0\" \/>\n<input type=\"hidden\" name=\"_wpcf7_posted_data_hash\" value=\"\" \/>\n<\/div>\n<p><label> Votre nom<br \/>\n<span class=\"wpcf7-form-control-wrap\" data-name=\"your-name\"><input size=\"40\" maxlength=\"400\" class=\"wpcf7-form-control wpcf7-text wpcf7-validates-as-required\" autocomplete=\"name\" aria-required=\"true\" aria-invalid=\"false\" value=\"\" type=\"text\" name=\"your-name\" \/><\/span> <\/label>\n<\/p>\n<p><label> Votre e-mail<br \/>\n<span class=\"wpcf7-form-control-wrap\" data-name=\"your-email\"><input size=\"40\" maxlength=\"400\" class=\"wpcf7-form-control wpcf7-email wpcf7-validates-as-required wpcf7-text wpcf7-validates-as-email\" autocomplete=\"email\" aria-required=\"true\" aria-invalid=\"false\" value=\"\" type=\"email\" name=\"your-email\" \/><\/span> <\/label>\n<\/p>\n<p><label> Objet<br \/>\n<span class=\"wpcf7-form-control-wrap\" data-name=\"your-subject\"><input size=\"40\" maxlength=\"400\" class=\"wpcf7-form-control wpcf7-text wpcf7-validates-as-required\" aria-required=\"true\" aria-invalid=\"false\" value=\"\" type=\"text\" name=\"your-subject\" \/><\/span> <\/label>\n<\/p>\n<p><label> Votre message (facultatif)<br \/>\n<span class=\"wpcf7-form-control-wrap\" data-name=\"your-message\"><textarea cols=\"40\" rows=\"10\" maxlength=\"2000\" class=\"wpcf7-form-control wpcf7-textarea\" aria-invalid=\"false\" name=\"your-message\"><\/textarea><\/span> <\/label>\n<\/p>\n<p><input class=\"wpcf7-form-control wpcf7-submit has-spinner\" type=\"submit\" value=\"Envoyer\" \/>\n<\/p><div class=\"wpcf7-response-output\" aria-hidden=\"true\"><\/div>\n<\/form>\n<\/div>\n<\/div>\n<\/div>\n<\/div>\n\n\n<div class=\"wsite-section-wrap\">\n<div class=\"wsite-section wsite-body-section wsite-background-77 wsite-custom-background\">\n<div class=\"wsite-section-content\">\n<div class=\"container\">\n<div class=\"wsite-section-elements\">\n<div class=\"paragraph\">&nbsp;<\/div>\n<div>\n<hr class=\"styled-hr\" style=\"width: 100%;\">\n<h3 style=\"height: 20px; overflow: hidden; width: 100%;\"><span style=\"color: revert; font-size: 29px; font-weight: bold;\">Newsletter<\/span><\/h3>\n<\/div>\n<\/div>\n<div class=\"wsite-section-elements\">\n<div>&nbsp;<\/div>\n<div>&nbsp;<\/div>\n<div class=\"paragraph\" style=\"text-align: left;\">Inscrivez-vous \u00e0 la newsletter de Lurrama pour recevoir toutes les derni\u00e8res informations !&nbsp;<\/div>\n<div>\n<form id=\"form-460618437781627170\" action=\"\/\/www.weebly.com\/weebly\/apps\/formSubmit.php\" enctype=\"multipart\/form-data\" method=\"POST\">\n<div id=\"460618437781627170-form-parent\" class=\"wsite-form-container\" style=\"margin-top: 10px;\"><label class=\"wsite-form-label wsite-form-fields-required-label\"><span class=\"form-required\">*<\/span> Indique un champ obligatoire<\/label><\/p>\n<p><span style=\"color: initial;\">Nom <\/span><span class=\"form-required\" style=\"color: initial;\">*<\/span><\/p>\n<div>\n<div class=\"wsite-form-field\" style=\"margin: 5px 0px 5px 0px;\">\n<div class=\"wsite-form-input-container\"><input id=\"input-479156499592932535\" class=\"wsite-form-input wsite-input wsite-input-width-370px\" name=\"_u479156499592932535\" type=\"text\" aria-required=\"true\"><\/div>\n<div id=\"instructions-479156499592932535\" class=\"wsite-form-instructions\" style=\"display: none;\">&nbsp;<\/div>\n<\/div>\n<\/div>\n<div>\n<div class=\"wsite-form-field\" style=\"margin: 5px 0px 5px 0px;\"><label class=\"wsite-form-label\" for=\"input-520006073706859432\">Pr\u00e9nom <span class=\"form-required\">*<\/span><\/label><\/p>\n<div class=\"wsite-form-input-container\"><input id=\"input-520006073706859432\" class=\"wsite-form-input wsite-input wsite-input-width-370px\" name=\"_u520006073706859432\" type=\"text\" aria-required=\"true\"><\/div>\n<div id=\"instructions-520006073706859432\" class=\"wsite-form-instructions\" style=\"display: none;\">&nbsp;<\/div>\n<\/div>\n<\/div>\n<div>\n<div class=\"wsite-form-field\" style=\"margin: 5px 0px 5px 0px;\"><label class=\"wsite-form-label\" for=\"input-363762119897909765\">E-mail <span class=\"form-required\">*<\/span><\/label><\/p>\n<div class=\"wsite-form-input-container\"><input id=\"input-363762119897909765\" class=\"wsite-form-input wsite-input wsite-input-width-370px\" name=\"_u363762119897909765\" type=\"text\" aria-required=\"true\"><\/div>\n<div id=\"instructions-363762119897909765\" class=\"wsite-form-instructions\" style=\"display: none;\">&nbsp;<\/div>\n<\/div>\n<\/div>\n<div>\n<div class=\"wsite-form-field\" style=\"margin: 5px 0px 5px 0px;\"><label class=\"wsite-form-label\" for=\"input-480034858254781629\">Num\u00e9ro de t\u00e9l\u00e9phone <span class=\"form-not-required\">*<\/span><\/label><\/p>\n<div class=\"wsite-form-input-container\"><input id=\"input-480034858254781629\" class=\"wsite-form-input wsite-input wsite-input-width-370px\" name=\"_u480034858254781629\" type=\"text\"><\/div>\n<div id=\"instructions-480034858254781629\" class=\"wsite-form-instructions\" style=\"display: none;\">&nbsp;<\/div>\n<\/div>\n<\/div>\n<\/div>\n<div style=\"display: none; visibility: hidden;\"><input name=\"wsite_subject\" type=\"hidden\"><\/div>\n<div style=\"text-align: left; margin-top: 10px; margin-bottom: 10px;\"><input name=\"recaptcha_token\" type=\"hidden\"><br \/><input style=\"position: absolute; top: 0; left: -9999px; width: 1px; height: 1px;\" role=\"button\" type=\"submit\" value=\"Envoyer\" aria-label=\"Envoyer\"><a class=\"wsite-button\"><span class=\"wsite-button-inner\">Envoyer<\/span><br \/><\/a><\/div>\n<\/form>\n<div id=\"g-recaptcha-460618437781627170\" class=\"recaptcha\" data-size=\"invisible\" data-recaptcha=\"0\" data-sitekey=\"6Ldf5h8UAAAAAJFJhN6x2OfZqBvANPQcnPa8eb1C\">&nbsp;<\/div>\n<\/div>\n<\/div>\n<\/div>\n<\/div>\n<\/div>\n<\/div>","protected":false},"excerpt":{"rendered":"<p>Coordonn\u00e9es LURRAMA EUSKAL HERRIKO LABORANTZA GANBARA64220 Ainiza Monjolose 05 59 37 18 82 Message &nbsp; Newsletter &nbsp; &nbsp; Inscrivez-vous \u00e0 la newsletter de Lurrama pour recevoir toutes les derni\u00e8res informations !&nbsp; * Indique un champ obligatoire Nom * &nbsp; Pr\u00e9nom * &nbsp; E-mail * &nbsp; Num\u00e9ro de t\u00e9l\u00e9phone * &nbsp; Envoyer &nbsp;<\/p>\n","protected":false},"author":1,"featured_media":0,"parent":0,"menu_order":0,"comment_status":"closed","ping_status":"closed","template":"","meta":{"footnotes":""},"categories":[63],"tags":[],"class_list":["post-32","page","type-page","status-publish","hentry","category-6_infos"],"_links":{"self":[{"href":"https:\/\/www.lurrama.org\/index.php\/wp-json\/wp\/v2\/pages\/32","targetHints":{"allow":["GET"]}}],"collection":[{"href":"https:\/\/www.lurrama.org\/index.php\/wp-json\/wp\/v2\/pages"}],"about":[{"href":"https:\/\/www.lurrama.org\/index.php\/wp-json\/wp\/v2\/types\/page"}],"author":[{"embeddable":true,"href":"https:\/\/www.lurrama.org\/index.php\/wp-json\/wp\/v2\/users\/1"}],"replies":[{"embeddable":true,"href":"https:\/\/www.lurrama.org\/index.php\/wp-json\/wp\/v2\/comments?post=32"}],"version-history":[{"count":11,"href":"https:\/\/www.lurrama.org\/index.php\/wp-json\/wp\/v2\/pages\/32\/revisions"}],"predecessor-version":[{"id":1159,"href":"https:\/\/www.lurrama.org\/index.php\/wp-json\/wp\/v2\/pages\/32\/revisions\/1159"}],"wp:attachment":[{"href":"https:\/\/www.lurrama.org\/index.php\/wp-json\/wp\/v2\/media?parent=32"}],"wp:term":[{"taxonomy":"category","embeddable":true,"href":"https:\/\/www.lurrama.org\/index.php\/wp-json\/wp\/v2\/categories?post=32"},{"taxonomy":"post_tag","embeddable":true,"href":"https:\/\/www.lurrama.org\/index.php\/wp-json\/wp\/v2\/tags?post=32"}],"curies":[{"name":"wp","href":"https:\/\/api.w.org\/{rel}","templated":true}]}}