{"id":1757,"date":"2025-07-28T21:11:48","date_gmt":"2025-07-28T19:11:48","guid":{"rendered":"https:\/\/www.lurrama.org\/?page_id=1757"},"modified":"2025-07-28T21:30:38","modified_gmt":"2025-07-28T19:30:38","slug":"parrain-marraine-2025","status":"publish","type":"page","link":"https:\/\/www.lurrama.org\/index.php\/fr\/parrain-marraine-2025\/","title":{"rendered":"Parrain \/ Marraine 2025"},"content":{"rendered":"\n<p><br>Cette ann\u00e9e nous avons choisi de mettre en avant les paysans. La marraine de l\u2019\u00e9dition Lurrama 2025 est du Pays Basque Nord (Iparralde) et le parrain du Pays Basque Sud (Hegoalde).<\/p>\n\n\n\n<p class=\"has-medium-font-size\"><\/p>\n\n\n\n<div class=\"wp-block-columns is-layout-flex wp-container-core-columns-is-layout-9d6595d7 wp-block-columns-is-layout-flex\">\n<div class=\"wp-block-column is-layout-flow wp-block-column-is-layout-flow\">\n<p class=\"has-medium-font-size\" style=\"font-style:normal;font-weight:800\"><em><strong>Elena AGUERRE, marraine de l\u2019\u00e9dition 2025&nbsp;<\/strong><\/em><\/p>\n\n\n\n<figure class=\"wp-block-image size-large\"><img loading=\"lazy\" decoding=\"async\" width=\"1024\" height=\"769\" src=\"https:\/\/www.lurrama.org\/wp-content\/uploads\/2025\/07\/Photo-Elena-1024x769.jpg\" alt=\"\" class=\"wp-image-1758\" srcset=\"https:\/\/www.lurrama.org\/wp-content\/uploads\/2025\/07\/Photo-Elena-1024x769.jpg 1024w, https:\/\/www.lurrama.org\/wp-content\/uploads\/2025\/07\/Photo-Elena-300x225.jpg 300w, https:\/\/www.lurrama.org\/wp-content\/uploads\/2025\/07\/Photo-Elena-768x577.jpg 768w, https:\/\/www.lurrama.org\/wp-content\/uploads\/2025\/07\/Photo-Elena-1536x1154.jpg 1536w, https:\/\/www.lurrama.org\/wp-content\/uploads\/2025\/07\/Photo-Elena.jpg 1544w\" sizes=\"auto, (max-width: 1024px) 100vw, 1024px\" \/><\/figure>\n<\/div>\n\n\n\n<div class=\"wp-block-column is-layout-flow wp-block-column-is-layout-flow\">\n<p class=\"has-white-color has-luminous-vivid-orange-background-color has-text-color has-background has-link-color wp-elements-86962acfcee5356cfca2541730d6fe01\">\u00ab J&rsquo;ai \u00e9t\u00e9 mara\u00eech\u00e8re en agriculture biologique pendant 10 ans \u00e0 la ferme de Garro \u00e0 Mendionde. En 2022, je me suis install\u00e9e \u00e0 Baigorri dans une nouvelle fili\u00e8re \u00ab pommes \u00e0 couteau \u00bb biologique.<br>Mon installation s\u2019est faite en dehors du cadre familial, avec toutes les difficult\u00e9s qui lui sont associ\u00e9es (trouver un terrain, cr\u00e9ation d\u2019une nouvelle entreprise, etc..).<br>Apr\u00e8s des \u00e9tudes de biologie durant ma jeunesse, j&rsquo;ai appris le mara\u00eechage biologique gr\u00e2ce \u00e0 la formation BPREA \u00e0 Hasparren.<br>Depuis longtemps attir\u00e9e par le monde agricole, je trouve aujourd\u2019hui un vrai sens dans la production biologique de fruits et l\u00e9gumes, en lien avec une alimentation locale. \u00bb<\/p>\n<\/div>\n<\/div>\n\n\n\n<div class=\"wp-block-columns is-layout-flex wp-container-core-columns-is-layout-9d6595d7 wp-block-columns-is-layout-flex\">\n<div class=\"wp-block-column is-layout-flow wp-block-column-is-layout-flow\">\n<p class=\"has-text-align-center has-medium-font-size\"><em><strong>I\u00f1aki Intxausti, Parrain de l\u2019\u00e9dition 2025<\/strong><\/em><\/p>\n\n\n\n<figure class=\"wp-block-image size-large\"><img loading=\"lazy\" decoding=\"async\" width=\"1024\" height=\"682\" src=\"https:\/\/www.lurrama.org\/wp-content\/uploads\/2025\/07\/Photo-InakiIntxausti-1024x682.jpeg\" alt=\"\" class=\"wp-image-1761\" srcset=\"https:\/\/www.lurrama.org\/wp-content\/uploads\/2025\/07\/Photo-InakiIntxausti-1024x682.jpeg 1024w, https:\/\/www.lurrama.org\/wp-content\/uploads\/2025\/07\/Photo-InakiIntxausti-300x200.jpeg 300w, https:\/\/www.lurrama.org\/wp-content\/uploads\/2025\/07\/Photo-InakiIntxausti-768x512.jpeg 768w, https:\/\/www.lurrama.org\/wp-content\/uploads\/2025\/07\/Photo-InakiIntxausti-1536x1023.jpeg 1536w, https:\/\/www.lurrama.org\/wp-content\/uploads\/2025\/07\/Photo-InakiIntxausti.jpeg 1600w\" sizes=\"auto, (max-width: 1024px) 100vw, 1024px\" \/><\/figure>\n<\/div>\n\n\n\n<div class=\"wp-block-column is-layout-flow wp-block-column-is-layout-flow\">\n<p class=\"has-white-color has-luminous-vivid-orange-background-color has-text-color has-background has-link-color wp-elements-7384de485ecb05cb5a67ead7a24a9c67\">\u00ab Mon exploitation, se situe \u00e0 l&rsquo;int\u00e9rieur de Gipuzkoa, dans les villages de Segura et Zerain. <br>J\u2019ai commenc\u00e9 il y a 10 ans en tant qu\u2019agriculteur en agriculture biologique. Aujourd&rsquo;hui, avec mon fr\u00e8re, Jokin, on dirige l\u2019exploitation agricole, se consacrant principalement \u00e0 la production de fruits et \u00e0 l\u2019entretien du verger et \u00e0 l\u2019\u00e9levage bovine.<br>On \u00e9coule la quasi-totalit\u00e9 de notre production en vente direct, principalement par le biais de groupements de march\u00e9s et de consommation. Quelques bars et commerces locaux participent \u00e9galement \u00e0 la distribution de nos produits. <br>Tous les deux, nous sommes membres de l&rsquo;association Biolur. \u00bb<\/p>\n<\/div>\n<\/div>\n\n\n\n<p><\/p>\n","protected":false},"excerpt":{"rendered":"<p>Cette ann\u00e9e nous avons choisi de mettre en avant les paysans. La marraine de l\u2019\u00e9dition Lurrama 2025 est du Pays Basque Nord (Iparralde) et le parrain du Pays Basque Sud (Hegoalde). Elena AGUERRE, marraine de l\u2019\u00e9dition 2025&nbsp; \u00ab J&rsquo;ai \u00e9t\u00e9 mara\u00eech\u00e8re en agriculture biologique pendant 10 ans \u00e0 la ferme de Garro \u00e0 Mendionde. En&hellip; <\/p>\n","protected":false},"author":1,"featured_media":0,"parent":0,"menu_order":0,"comment_status":"closed","ping_status":"closed","template":"","meta":{"footnotes":""},"categories":[45],"tags":[],"class_list":["post-1757","page","type-page","status-publish","hentry","category-1_lurrama_fr"],"_links":{"self":[{"href":"https:\/\/www.lurrama.org\/index.php\/wp-json\/wp\/v2\/pages\/1757","targetHints":{"allow":["GET"]}}],"collection":[{"href":"https:\/\/www.lurrama.org\/index.php\/wp-json\/wp\/v2\/pages"}],"about":[{"href":"https:\/\/www.lurrama.org\/index.php\/wp-json\/wp\/v2\/types\/page"}],"author":[{"embeddable":true,"href":"https:\/\/www.lurrama.org\/index.php\/wp-json\/wp\/v2\/users\/1"}],"replies":[{"embeddable":true,"href":"https:\/\/www.lurrama.org\/index.php\/wp-json\/wp\/v2\/comments?post=1757"}],"version-history":[{"count":6,"href":"https:\/\/www.lurrama.org\/index.php\/wp-json\/wp\/v2\/pages\/1757\/revisions"}],"predecessor-version":[{"id":1778,"href":"https:\/\/www.lurrama.org\/index.php\/wp-json\/wp\/v2\/pages\/1757\/revisions\/1778"}],"wp:attachment":[{"href":"https:\/\/www.lurrama.org\/index.php\/wp-json\/wp\/v2\/media?parent=1757"}],"wp:term":[{"taxonomy":"category","embeddable":true,"href":"https:\/\/www.lurrama.org\/index.php\/wp-json\/wp\/v2\/categories?post=1757"},{"taxonomy":"post_tag","embeddable":true,"href":"https:\/\/www.lurrama.org\/index.php\/wp-json\/wp\/v2\/tags?post=1757"}],"curies":[{"name":"wp","href":"https:\/\/api.w.org\/{rel}","templated":true}]}}

<p><br>Cette année nous avons choisi de mettre en avant les paysans. La marraine de l’édition Lurrama 2025 est du Pays Basque Nord (Iparralde) et le parrain du Pays Basque Sud (Hegoalde).</p>



<p class="has-medium-font-size"></p>



<div class="wp-block-columns is-layout-flex wp-container-core-columns-is-layout-9d6595d7 wp-block-columns-is-layout-flex">
<div class="wp-block-column is-layout-flow wp-block-column-is-layout-flow">
<p class="has-medium-font-size" style="font-style:normal;font-weight:800"><em><strong>Elena AGUERRE, marraine de l’édition 2025&nbsp;</strong></em></p>



<figure class="wp-block-image size-large"><img loading="lazy" decoding="async" width="1024" height="769" src="https://www.lurrama.org/wp-content/uploads/2025/07/Photo-Elena-1024x769.jpg" alt="" class="wp-image-1758" srcset="https://www.lurrama.org/wp-content/uploads/2025/07/Photo-Elena-1024x769.jpg 1024w, https://www.lurrama.org/wp-content/uploads/2025/07/Photo-Elena-300x225.jpg 300w, https://www.lurrama.org/wp-content/uploads/2025/07/Photo-Elena-768x577.jpg 768w, https://www.lurrama.org/wp-content/uploads/2025/07/Photo-Elena-1536x1154.jpg 1536w, https://www.lurrama.org/wp-content/uploads/2025/07/Photo-Elena.jpg 1544w" sizes="auto, (max-width: 1024px) 100vw, 1024px" /></figure>
</div>



<div class="wp-block-column is-layout-flow wp-block-column-is-layout-flow">
<p class="has-white-color has-luminous-vivid-orange-background-color has-text-color has-background has-link-color wp-elements-86962acfcee5356cfca2541730d6fe01">« J&rsquo;ai été maraîchère en agriculture biologique pendant 10 ans à la ferme de Garro à Mendionde. En 2022, je me suis installée à Baigorri dans une nouvelle filière « pommes à couteau » biologique.<br>Mon installation s’est faite en dehors du cadre familial, avec toutes les difficultés qui lui sont associées (trouver un terrain, création d’une nouvelle entreprise, etc..).<br>Après des études de biologie durant ma jeunesse, j&rsquo;ai appris le maraîchage biologique grâce à la formation BPREA à Hasparren.<br>Depuis longtemps attirée par le monde agricole, je trouve aujourd’hui un vrai sens dans la production biologique de fruits et légumes, en lien avec une alimentation locale. »</p>
</div>
</div>



<div class="wp-block-columns is-layout-flex wp-container-core-columns-is-layout-9d6595d7 wp-block-columns-is-layout-flex">
<div class="wp-block-column is-layout-flow wp-block-column-is-layout-flow">
<p class="has-text-align-center has-medium-font-size"><em><strong>Iñaki Intxausti, Parrain de l’édition 2025</strong></em></p>



<figure class="wp-block-image size-large"><img loading="lazy" decoding="async" width="1024" height="682" src="https://www.lurrama.org/wp-content/uploads/2025/07/Photo-InakiIntxausti-1024x682.jpeg" alt="" class="wp-image-1761" srcset="https://www.lurrama.org/wp-content/uploads/2025/07/Photo-InakiIntxausti-1024x682.jpeg 1024w, https://www.lurrama.org/wp-content/uploads/2025/07/Photo-InakiIntxausti-300x200.jpeg 300w, https://www.lurrama.org/wp-content/uploads/2025/07/Photo-InakiIntxausti-768x512.jpeg 768w, https://www.lurrama.org/wp-content/uploads/2025/07/Photo-InakiIntxausti-1536x1023.jpeg 1536w, https://www.lurrama.org/wp-content/uploads/2025/07/Photo-InakiIntxausti.jpeg 1600w" sizes="auto, (max-width: 1024px) 100vw, 1024px" /></figure>
</div>



<div class="wp-block-column is-layout-flow wp-block-column-is-layout-flow">
<p class="has-white-color has-luminous-vivid-orange-background-color has-text-color has-background has-link-color wp-elements-7384de485ecb05cb5a67ead7a24a9c67">« Mon exploitation, se situe à l&rsquo;intérieur de Gipuzkoa, dans les villages de Segura et Zerain. <br>J’ai commencé il y a 10 ans en tant qu’agriculteur en agriculture biologique. Aujourd&rsquo;hui, avec mon frère, Jokin, on dirige l’exploitation agricole, se consacrant principalement à la production de fruits et à l’entretien du verger et à l’élevage bovine.<br>On écoule la quasi-totalité de notre production en vente direct, principalement par le biais de groupements de marchés et de consommation. Quelques bars et commerces locaux participent également à la distribution de nos produits. <br>Tous les deux, nous sommes membres de l&rsquo;association Biolur. »</p>
</div>
</div>



<p></p>

<p>Cette année nous avons choisi de mettre en avant les paysans. La marraine de l’édition Lurrama 2025 est du Pays Basque Nord (Iparralde) et le parrain du Pays Basque Sud (Hegoalde). Elena AGUERRE, marraine de l’édition 2025&nbsp; « J&rsquo;ai été maraîchère en agriculture biologique pendant 10 ans à la ferme de Garro à Mendionde. En&hellip; </p>
